 a factor of 9142867?
False
Is 10230924 a multiple of 66?
True
Is 11 a factor of 158345?
True
Is 5 a factor of 4550913?
False
Does 491 divide 394478?
False
Is 1955812 a multiple of 381?
False
Is 521 a factor of 647603?
True
Is 531 a factor of 577627?
False
Is 4378092 a multiple of 5?
False
Is 213752 a multiple of 347?
True
Is 231196 a multiple of 13?
False
Is 8 a factor of 1026952?
True
Is 265 a factor of 1421120?
False
Is 154960 a multiple of 298?
True
Is 2466585 a multiple of 46?
False
Does 21 divide 594594?
True
Is 167 a factor of 564460?
True
Is 3039994 a multiple of 201?
False
Does 141 divide 996450?
False
Is 83080 a multiple of 4?
True
Is 3 a factor of 92607?
True
Does 182 divide 78866?
False
Is 168 a factor of 5648427?
False
Is 184710 a multiple of 10?
True
Does 38 divide 1129702?
True
Does 41 divide 36695?
True
Does 96 divide 138432?
True
Is 2298896 a multiple of 71?
False
Is 5922370 a multiple of 32?
False
Does 15 divide 638220?
True
Does 7 divide 33686?
False
Is 312 a factor of 5643526?
False
Is 1175982 a multiple of 16?
False
Is 752 a factor of 851467?
False
Is 1509044 a multiple of 58?
True
Is 240309 a multiple of 8?
False
Is 147 a factor of 578829?
False
Is 2003968 a multiple of 14?
False
Is 272191 a multiple of 107?
False
Is 114 a factor of 68628?
True
Does 33 divide 1092558?
False
Is 5915878 a multiple of 302?
True
Does 185 divide 1454840?
True
Is 124 a factor of 1151574?
False
Does 16 divide 3809085?
False
Does 11 divide 332969?
False
Is 369159 a multiple of 739?
False
Is 35960 a multiple of 213?
False
Is 63 a factor of 10629599?
False
Is 12 a factor of 257448?
True
Is 108 a factor of 117459?
False
Is 240663 a multiple of 51?
False
Does 64 divide 76298?
False
Is 54 a factor of 291222?
True
Is 53280 a multiple of 30?
True
Is 381 a factor of 825670?
False
Is 5362368 a multiple of 176?
True
Does 9 divide 8316?
True
Does 188 divide 2068?
True
Does 94 divide 23218?
True
Is 1068390 a multiple of 54?
True
Does 51 divide 957085?
False
Is 54 a factor of 44299?
False
Is 211 a factor of 326089?
False
Is 13 a factor of 282580?
False
Is 1125 a factor of 10158027?
False
Is 7143531 a multiple of 122?
False
Is 65 a factor of 94260?
False
Is 491 a factor of 362358?
True
Does 88 divide 15483600?
True
Does 33 divide 104115?
True
Does 264 divide 100177?
False
Is 103635 a multiple of 105?
True
Is 4 a factor of 624427?
False
Does 14 divide 624391?
False
Is 16780800 a multiple of 10?
True
Does 38 divide 466671?
False
Is 113 a factor of 802865?
True
Is 783394 a multiple of 17?
True
Is 4642120 a multiple of 70?
True
Is 1645496 a multiple of 374?
False
Is 13 a factor of 246757?
False
Is 808500 a multiple of 165?
True
Is 347 a factor of 176211?
False
Does 5 divide 565305?
True
Does 246 divide 251658?
True
Does 166 divide 294606?
False
Does 3 divide 607647?
True
Is 1146155 a multiple of 26?
False
Is 3753837 a multiple of 27?
True
Does 128 divide 248576?
True
Is 168 a factor of 28032144?
True
Is 1679776 a multiple of 8?
True
Is 101 a factor of 2898067?
False
Is 1154832 a multiple of 168?
True
Is 1553088 a multiple of 32?
True
Does 111 divide 896325?
True
Is 8 a factor of 736439?
False
Does 632 divide 623037?
False
Does 9 divide 19591596?
True
Is 406655 a multiple of 74?
False
Is 111 a factor of 1973358?
True
Does 14 divide 241072?
False
Does 5 divide 9454?
False
Is 104 a factor of 26040?
False
Is 22788 a multiple of 4?
True
Is 3333 a multiple of 101?
True
Is 479 a factor of 1741644?
True
Is 59 a factor of 6062347?
False
Is 6083845 a multiple of 115?
True
Is 3952228 a multiple of 361?
True
Is 25 a factor of 2075256?
False
Does 547 divide 932635?
True
Is 30 a factor of 184050?
True
Does 18 divide 417834?
True
Is 1938946 a multiple of 34?
False
Is 6822789 a multiple of 183?
True
Does 20 divide 80829?
False
Is 396183 a multiple of 123?
True
Does 350 divide 978486?
False
Is 870769 a multiple of 11?
False
Is 307283 a multiple of 4?
False
Is 13 a factor of 154889?
False
Is 94141 a multiple of 449?
False
Is 76 a factor of 188100?
True
Does 279 divide 237987?
True
Is 28451 a multiple of 16?
False
Is 27 a factor of 66501?
True
Does 855 divide 2387160?
True
Is 187 a factor of 478966?
False
Does 43 divide 988599?
False
Does 171 divide 8423537?
False
Does 53 divide 7225331?
True
Is 106 a factor of 46004?
True
Is 3 a factor of 45073?
False
Does 289 divide 1687182?
True
Is 15 a factor of 548376?
False
Is 49119 a multiple of 21?
True
Is 15 a factor of 193685?
False
Is 626400 a multiple of 45?
True
Is 599319 a multiple of 63?
True
Does 360 divide 81588?
False
Is 3880487 a multiple of 403?
True
Does 16 divide 2794795?
False
Does 7 divide 227017?
True
Does 55 divide 243760?
True
Does 23 divide 224652?
False
Is 24 a factor of 46921?
False
Is 401 a factor of 991673?
True
Is 33 a factor of 3843576?
True
Is 3077475 a multiple of 37?
True
Is 11564464 a multiple of 2071?
True
Is 16 a factor of 761894?
False
Is 82 a factor of 26158?
True
Is 356728 a multiple of 23?
False
Is 162049 a multiple of 215?
False
Does 20 divide 283011?
False
Is 108 a factor of 1743876?
True
Is 173533 a multiple of 3?
False
Is 13 a factor of 3793296?
True
Is 289152 a multiple of 96?
True
Is 137360 a multiple of 7?
False
Does 223 divide 5372739?
True
Does 65 divide 3808935?
True
Is 637318 a multiple of 59?
True
Does 12 divide 2175396?
True
Is 4 a factor of 97689?
False
Does 638 divide 3750355?
False
Is 14 a factor of 128408?
True
Does 22 divide 671683?
False
Does 18 divide 518028?
False
Does 188 divide 273922?
False
Is 6 a factor of 502596?
True
Is 1461189 a multiple of 361?
False
Is 12510002 a multiple of 93?
False
Is 2551536 a multiple of 26?
True
Is 283 a factor of 320639?
True
Does 493 divide 1455196?
False
Is 3718344 a multiple of 261?
False
Is 636 a factor of 395592?
True
Is 59 a factor of 2876486?
True
Does 16 divide 12894275?
False
Is 985071 a multiple of 24?
False
Is 153871 a multiple of 58?
False
Is 54817 a multiple of 3?
False
Is 7402859 a multiple of 13?
False
Does 81 divide 467939?
False
Is 5735320 a multiple of 13?
False
Does 661 divide 1358941?
False
Is 152400 a multiple of 20?
True
Does 35 divide 1235660?
False
Does 1101 divide 3023561?
False
Is 6239310 a multiple of 365?
True
Is 2763828 a multiple of 36?
True
Is 2 a factor of 284018?
True
Is 441146 a multiple of 94?
False
Is 44328 a multiple of 24?
True
Does 11 divide 2337569?
False
Is 170050 a multiple of 190?
True
Is 25 a factor of 248214?
False
Is 25602 a multiple of 51?
True
Is 3 a factor of 1662313?
False
Is 2310109 a multiple of 387?
False
Does 21 divide 59452?
False
Is 7 a factor of 992968?
False
Is 206635 a multiple of 221?
True
Is 91 a factor of 10840?
False
Is 26 a factor of 2092012?
True
Does 25 divide 83808?
False
Is 5511898 a multiple of 1237?
False
Does 59 divide 5508106?
False
Is 3 a factor of 197027?
False
Does 9 divide 20388?
False
Is 248862 a multiple of 28?
False
Does 7 divide 85654?
False
Does 13 divide 108420?
True
Is 2167200 a multiple of 25?
True
Is 1816 a factor of 3624736?
True
Is 114 a factor of 48336?
True
Is 10 a factor of 256060?
True
Does 87 divide 185310?
True
Does 791 divide 12347510?
True
Does 2 divide 8431?
False
Does 25 divide 85410?
False
Is 282862 a multiple of 76?
False
Is 95253 a multiple of 600?
False
Is 13 a factor of 1773612?
False
Does 77 divide 108647?
True
Is 6 a factor of 91083?
False
Does 139 divide 978143?
True
Is 2841477 a multiple of 866?
False
Is 72 a factor of 271391?
False
Does 1783 divide 207583?
False
Is 634 a factor of 1781540?
True
Does 5 divide 14562?
False
Does 27 divide 36326?
False
Does 415 divide 2425675?
True
Is 272648 a multiple of 173?
True
Is 1236 a factor of 1443648?
True
Is 62964 a multiple of 32?
False
Does 81 divide 277182?
True
Does 472 divide 2867872?
True
Is 13 a factor of 83329?
False
Does 18 divide 61110?
True
Does 445 divide 303490?
True
Does 12 divide 1369692?
True
Does 37 divide 6930877?
True
Is 13336 a multiple of 8?
True
Does 616 divide 397613?
False
Is 284196 a multiple of 66?
True
Is 9 a factor of 11025?
True
Is 5 a factor of 653612?
False
Is 11 a factor of 1143186?
True
Is 5 a factor of 14057?
False
Does 614 divide 1951906?
True
Is 75361 a multiple of 12?
False
Is 6 a factor of 2749218?
True
Is 88 a factor of 918794?
False
Is 198628 a multiple of 508?
Tru